38 + -11200. What is the remainder when s is divided by 15?
13
Let m = -104 - -108. Suppose 2 + 6 = m*s, -3*s = -5*z - 1. What is the remainder when 6 is divided by (-7 - -11)/(z + 3)?
0
Suppose -3*i + 4*i = 95. Let q(x) = -2*x**3 - 159*x**2 - 75*x + 332. Calculate the remainder when i is divided by q(-79).
15
Let f = -3781 - -4169. Calculate the remainder when f is divided by 195.
193
Suppose 81648 = 79*i - 267058. What is the remainder when i is divided by 9?
4
Let s(w) = 10*w**2 + 94*w - 13. Let b(n) = -n**2 + 1. Let q(k) = -5*b(k) - s(k). Calculate the remainder when q(-18) is divided by 12.
8
Let f(y) = 2*y**2 + 1. Let m be f(-1). Suppose -n + 0*i = 2*i - 49, -m*i = 0. What is the remainder when n is divided by ((-7)/((-63)/(-78)))/(-3*24/108)?
10
Let z(p) be the first derivative of 9*p**2 - 166*p + 22. Let d(l) = -l**3 + 6*l**2 + 10*l. What is the remainder when z(15) is divided by d(7)?
20
Let r(x) = 228*x - 13. What is the remainder when r(16) is divided by 12?
11
Let z = -14644 + 14646. Let m(y) = 4*y**2 - 2. Let p be m(-2). Suppose 10 + p = z*g. Calculate the remainder when 34 is divided by g.
10
Suppose -91*u - 750 = -141*u. Suppose -2*x + 7*x = 2*k + 124, 2*k = 2*x - 46. What is the remainder when x is divided by u?
11
Suppose 18*b = 4389 + 453. Calculate the remainder when b is divided by 78.
35
Let j(x) = 28*x**2 + 15*x - 47. Calculate the remainder when 694 is divided by j(-4).
12
Calculate the remainder when 3761 is divided by (6*13/39)/(4/38).
18
Suppose -6 = 9*m - 501. Let n = -20 + 231. What is the remainder when n is divided by m?
46
Let l(b) = b**2 - b - 16. Let x be l(8). Let f = x - 14. Suppose 0 = 2*c + 6*c - 800. Calculate the remainder when c is divided by f.
22
Suppose 772 = -2*f + 322. Let w = 293 + f. What is the remainder when w is divided by 26?
16
Suppose -6*n = -11*n - 25. Let l(d) = -d**2 - 8*d + 3. Calculate the remainder when l(n) is divided by 7.
4
Let v = 6 + 51. Suppose -83*l + 9141 = 1969 - 1958. What is the remainder when l is divided by v?
53
Let z(j) = j**3 - 58*j + 63. Calculate the remainder when 259 is divided by z(0).
7
Suppose -100*s + 37*s = -160*s + 361616. What is the remainder when s is divided by 21?
11
Suppose -4*i + 212 + 2813 = w, 5*i - 6029 = -2*w. What is the remainder when w is divided by 199?
12
Let t(l) = 2*l**2 + 4*l - 1. Let p be t(-3). Suppose -y + 64 = p*m - 1, m = -3*y + 139. What is the remainder when y is divided by 11 + 0 + 7 + -6?
9
Let m = 438 - 438. Suppose m = 6*n + n - 154. What is the remainder when 62 is divided by n?
18
Let r = 33 - -697. Suppose f - r = -5*q - 2*f, 2*f = 5*q - 730. Calculate the remainder when q is divided by 49.
48
Let y = -261 - -386. Let f(v) = 2*v + 3*v - 298 + 7*v**2 + 294 + 2*v - 3*v. What is the remainder when y is divided by f(2)?
29
Suppose 3*t - 557 - 973 = -2*c, -2*c - 4*t = -1536. Calculate the remainder when 3044 is divided by c.
20
Suppose -u - 4*u = -250. Let q be 0/((54/45)/((-4)/(-10))). Let g(x) = 2*x**2 - 10*x + 17. Calculate the remainder when u is divided by g(q).
16
Let x(q) = q**3 - 4*q**2 + 5*q - 2. Let b(z) = 3*z**2 + 22*z + 55. Let n be b(12). Let i = -740 + n. Calculate the remainder when i is divided by x(3).
3
Let w be (0 - 5)*(-4)/(20/5). Suppose -w*j = 2*b - 91, -5*j - 4*b + b = -89. What is the remainder when 45 is divided by j?
7
Let g(v) = -4*v**2 + 39*v + 4504. What is the remainder when g(38) is divided by 1*2 + 102/2?
51
Let b be (2/(-5))/(6/(-45)) - 1728. Calculate the remainder when 1/8*6 - b/20 is divided by 7.
3
Let n = 557 - 539. Suppose 840 + n = 3*c. What is the remainder when c is divided by 74?
64
Let k(y) = -34*y**2 + 11*y + 159. Let o(l) = 15*l**2 - 6*l - 80. Let a(t) = -4*k(t) - 9*o(t). What is the remainder when a(-11) is divided by 36?
23
Suppose -4*w - 4 - 4 = 0, -4*w = 4*b. Suppose -m + 11 = -u, 3*m - 6*u = -b*u + 37. Let h = -8766 + 8777. Calculate the remainder when h is divided by m.
4
Suppose 5*j + 0*v - 4*v - 100 = 0, j + 9 = -5*v. Suppose -b + 28 = j. What is the remainder when b is divided by 8/28 - 57/(-21)?
0
Suppose 24*a = 21*a + 9. Suppose -k = 3*b - 0*k - 17, 0 = b + a*k - 11. Suppose -4*c + 59 + b = 0. Calculate the remainder when 45 is divided by c.
13
Let f = -15 + 19. Suppose f*i + 0*i = -2*g + 104, -i + 296 = 5*g. Suppose -6*y + g = -y. Calculate the remainder when 22 is divided by y.
10
Suppose 1 + 4 = 2*a + 3*o, -a - 8 = 5*o. Suppose -13 - a = -5*z, -124 = -3*m - z. Calculate the remainder when m is divided by (15 + 1008/(-120))*(3 + 1/3).
18
Let f be 4 + 1*(3 + -3). Suppose -2*j = f*d - 15 - 13, -101 = -4*j + d. Suppose 0 = l + 3*l - 20. What is the remainder when j is divided by l?
4
Let u(b) = 15*b**3 + b**2 - b - 3. Let n = 48 - 46. What is the remainder when u(n) is divided by 4/(-6)*1*-45?
29
Let q = 21 - -16. Suppose 257*c = 252*c + 105. Calculate the remainder when q is divided by c.
16
Let k = -7211 - -7988. What is the remainder when 2372 is divided by k?
41
Let s = -10141 + 10851. Calculate the remainder when s is divided by 27.
8
Let g(o) = -o + 25. Suppose 1078*j = 1101*j - 1426. What is the remainder when j is divided by g(6)?
5
Suppose 95*y - 14*y - 22*y = 4012. Calculate the remainder when 165 is divided by y.
29
Suppose -2*m - 72*d = -76*d - 1544, 3*m + 4*d = 2296. What is the remainder when m is divided by 11?
9
Suppose r = -3*y + 117, -y = 3*r - r - 34. Let j = y + -16. Let i = 18 + 26. What is the remainder when i is divided by j?
20
Suppose -5*v + 5*p = 43 - 238, 40 = 5*p. Calculate the remainder when 6872 is divided by v.
10
Suppose 15 = 3*m, 3*m = -4*q + 216 - 637. Let g = 141 + q. What is the remainder when 222 is divided by g?
30
Suppose 0 = -3*m + 66 - 57. Calculate the remainder when 2 + -4 - (m - 83) is divided by 10.
8
Let r = 4088 + -4033. Calculate the remainder when 549 is divided by r.
54
Suppose 105*i - 108*i - 9 = 0. What is the remainder when (-77)/(-22)*(1488/(-28))/i is divided by 1*(-33)/(-2)*2?
29
Let i(k) = 739*k + 1801. Calculate the remainder when i(-2) is divided by 51.
17
Let y = 3045 + -3027. What is the remainder when 12455 is divided by y?
17
Let c(b) be the second derivative of 2*b**3/3 - 61*b**2/2 + 32*b. What is the remainder when 87 is divided by c(18)?
10
Let v be -8*((-84)/14 + 1 + 2). Suppose -v*z + 30640 = 6712. Calculate the remainder when z is divided by 50.
47
Let u be ((-4)/8)/(4/(-24)). Suppose -3*m = -2*l + 31, -l - 33 = -u*l + 5*m. Calculate the remainder when 24 is divided by l.
10
Let g = -6 + 8. Suppose -200 = -4*b + g*q, -3*b - 5*q + 143 = -20. Calculate the remainder when b is divided by 1 - (-12 + 7) - 5/(-1).
7
Suppose -f - 8 = -98. Calculate the remainder when f is divided by 15 + -18 - (-26 + -3 + 2).
18
Suppose 0 = 2*n - 4*i - 1844, 5*i - 44 + 54 = 0. What is the remainder when n is divided by 12?
6
Suppose 7 = 5*w - 3*y, 3*y + 3 + 10 = -w. Let z(k) be the first derivative of 17*k**3 - k + 106. What is the remainder when z(w) is divided by 13?
11
Suppose 4*t + 2*z - 1040 = 0, 3*z = 5*t - 204 - 1074. Let p = -18 - -93. Calculate the remainder when p is divided by (-3 - 123/(-39)) + t/13.
15
Suppose -77*p + 81*p = -3*w + 365, 3*p = -3*w + 360. Calculate the remainder when 348 is divided by w.
3
Let j(c) = -112*c - 130. Calculate the remainder when j(-6) is divided by 68.
66
Let h(n) = -2*n**3 - 7*n**2 + n + 4. What is the remainder when h(-5) is divided by ((39/4)/(50/40))/((-3)/(-10))?
22
Suppose -4*y + 185 = -s + 55, -y + 30 = s. Calculate the remainder when 594 is divided by y.
18
Let k = 16471 + -11104. What is the remainder when k is divided by 122?
121
What is the remainder when (0 - 2)/(-2) + 201 is divided by -3*1*(-1 + -1)*5?
22
Let z(j) be the third derivative of j**5/30 - 7*j**4/12 - j**3/6 - 8*j**2. Let p be z(7). Calculate the remainder when 14 is divided by (p - 35/28)/((-3)/8).
2
Let a(i) = -23*i**3 + 3*i + 3. What is the remainder when (-4)/(5 + 3) + 387/6 is divided by a(-1)?
18
Let p(l) = 20*l**2 + 25*l - 21. Suppose -3*z + 5*j - 196 = -5*z, 0 = -3*z - 4*j + 280. Calculate the remainder when z is divided by p(-2).
7
Let p = 106 + -101. Suppose 0 = -5*l + p*d + 65, 4 = -2*d + 3*d. What is the remainder when 29 is divided by l?
12
What is the remainder when 2804 is divided by (-15*(-220)/(